-34)?
0
What is the value of -6 + -13 + (21 - -3)?
5
-10 + (-25 + 70 - (-1 + 3) - 6)
27
Calculate -2 + (-4 - -21) + 98 + -95.
18
What is the value of 4 - (-4 + (24 - 9))?
-7
Evaluate -42 + 0 + (-42 + 31 - -21).
-32
Calculate 32 + -34 + -31 + 0.
-33
What is the value of 23 + 5 + (1 - 37)?
-8
What is (-32 - (17 + -57)) + 4?
12
(17 - (26 + 13)) + 12
-10
What is the value of -2 - (-4 - (19 - (-9 - -17)))?
13
-45 - (-39 - (29 + -35))
-12
Evaluate (12 - (-12 + 12) - 13) + -14.
-15
What is the value of -4 - (-84 + 81 + -5 + 1)?
3
(-37 - (-3 - 9 - -8) - -3) + 11
-19
Evaluate 4 + -13 + 6 + 20 + 6.
23
What is 12 - ((3 - -1) + -1 + (0 - -5))?
4
What is (-6 + (0 - -2) - 0) + (-1925 - -1940)?
11
What is -1 + (0 - 4 - -3)?
-2
What is 18 - ((5 - -10) + -33 - -56)?
-20
Evaluate 4 - (-2 + 4) - (-271 + 272).
1
Evaluate 11 + (-21 - -7) + 9 + 7.
13
What is (-6 - (-28 - (-5 - 8))) + 0 + 8?
17
4 + -25 + 11 - (-3 + 3 - 8)
-2
What is 7 - (-12 - (7 + 0 - 6))?
20
What is -1 + 8 + (7 - 22) - -6?
-2
Calculate (-4 - (-15 + 29)) + 32.
14
-31 + (0 + 2 - -3) - -11
-15
Calculate (-34 - (-20 - 4)) + 18.
8
0 + 6 + 178 + -195
-11
What is 12 + ((5 - -2) + 10 - 16)?
13
What is -2 + 6 + 3 + -8?
-1
What is -23 + 4 + -1 + (52 - 46)?
-14
What is the value of -1197 + 1183 - (-28 - -1)?
13
Evaluate 2 + -13 - (4 - ((2 - -2) + 6)).
-5
Calculate 474 + -499 - (-14 - -1).
-12
27 - ((35 - 20) + 12)
0
Evaluate -3 + (-7 - (-2 - 4)) - (-2 + -3).
1
Calculate -1 - 10 - (-2 + -1 + 11 + 0).
-19
What is the value of (1 - (7 + -12)) + 4?
10
Evaluate 2 + -8 + 55 + -60.
-11
Calculate 3 + -1 + 4 - (1 - -7).
-2
What is -16 - ((-12 - (17 - 1)) + 8)?
4
Calculate (33 - 22) + -2 - -10.
19
What is 22 + -3 - (5 - 9 - -13)?
10
What is 33 + (6 - 19) + -6?
14
(12 - (-5 + (10 - 10))) + 12
29
Evaluate -14 - (-25 - (10 - 23)).
-2
-14 + 29 - 15 - -26 - 6
20
What is (11 - 1) + -2 + (-5 - -4)?
7
What is 8 + (0 - (8 - 16)) + (-7 - 1)?
8
Evaluate 125 + -126 - ((-1 - 0) + 1 + 12).
-13
Calculate -85 + 97 - (4 + 3 + -1).
6
What is (-19 - -2) + 6 + (17 - (9 - -2))?
-5
What is (2 - 4) + 2 - (9 - (7 + 8))?
6
Calculate 2 + (8 - ((-8 - -12) + 7) - -5).
4
Evaluate -4 + 9 + (0 - -8) + -6.
7
What is 15 - ((-2 - -4) + (-12 - -8) - 1)?
18
Evaluate 1 + -7 + 8 + -10.
-8
What is the value of -2 + (-27 - -32) - (0 + 21)?
-18
Calculate 2 + -5 - (-3 - 0) - (63 - 59).
-4
What is the value of -4 - (-4 - (11 + -5))?
6
-12 + 12 + -7 + 2 + 7
2
What is the value of -111 + 161 + (-34 - -1)?
17
What is the value of 10 - 1 - (-3 + 3) - (-1 - -1)?
9
Evaluate 28 - (-33 - -22 - -45).
-6
Calculate (4 - 0) + 66 + -40 + -8.
22
What is the value of 1 - (-41 - (-5 - 7)) - (-2 + 9)?
23
Evaluate (-5 + 9 - -3) + -8 + 0.
-1
Evaluate -639 + 612 + (11 - 2).
-18
Calculate 26 - 13 - 9 - (-10 - 14).
28
Calculate -5 + 4 + -7 + 1 + 18.
11
2 + (-15 - (9 + -24)) - (2 + 1)
-1
Calculate 9 - (-11 - (0 + -9 + 7)).
18
Calculate -2 + 18 - 42 - -29.
3
-22 - (1 + (9 - 15)) - (6 - 4)
-19
What is the value of 0 + 5 + (7 - (29 + -18))?
1
Evaluate -2 - -3 - -2 - -5 - (-64 - -92).
-20
Calculate (-4 - 0) + (2 - 11) + 6 - -27.
20
What is the value of -21 + 44 + -29 + (3 - 1)?
-4
-15 + (16 - 9 - (-13 + 7))
-2
What is the value of 50 + 2 + (19 - -7 - 37)?
41
Calculate (1 + (-11 - -13) + 8 - 46) + 3.
-32
What is (-238 - -243) + (32 - (-2 - -4)) + -9?
26
Calculate 21 + -15 + -21 + 4 + -6 + 0.
-17
Calculate 8 + 0 - (-2 - (-9 + 4) - 0).
5
What is -9 - ((8 - 1) + (8 - 22))?
-2
What is the value of (19 - (1 + 38)) + 3?
-17
(-3 - (2 + 0 - 8) - -5) + -19
-11
Evaluate (-4 - (-5 + (-1 - (1 - -2)))) + -4.
1
-18 + (3 + 4 + -18 - -4) + 6
-19
-8 - ((-26 - -19) + 1 + 0)
-2
What is the value of -224 + 225 - ((-6 - -3) + -1 + -8)?
13
What is the value of 12 + (-7 - (17 - 17))?
5
What is 27 + -50 + (-8 - (2 - 2 - 3))?
-28
Evaluate 6 - ((-2 - (11 + 2)) + (-20 - -26)).
15
What is the value of 7 + (-3 - (42 + -18))?
-20
21 - (28 + (5 - 23))
11
(-8 + 5 + 9 - -1) + 2
9
Calculate 5 + (-14 - (0 + -5)) + 9.
5
Calculate (9 - 3) + -6 - 9.
-9
What is 22 + ((2 - 1) + -12 - 3)?
8
(-57 - -55) + (-3 - (-2 + 2)) + 14
9
Calculate 9 + -26 + (5 - -5).
-7
Evaluate 7 + 53 + -61 + (-10 - 0).
-11
What is 10 + (1 - (2 - (-4 + 2))) + 3?
10
What is the value of 36 - 21 - (0 + 2 - -3)?
10
Evaluate 13 + -2 + -19 + (1 - 0) + 17.
10
Evaluate 39 + -47 + 10 + (-3 - -2).
1
Evaluate (13 - (13 - (11 + -4))) + -3 - 20.
-16
Evaluate -44 - (-18 + (-5 - 3)).
-18
Evaluate -8 + (-3 - (-18 - -8) - -1) + 3.
3
Calculate -17 + (-7 - -19) + -6.
-11
What is (-2 - (0 + -1 + 8)) + 4 + 9?
4
Evaluate 19 - ((0 - 11) + 25).
5
3 - (9 + -4 - 14)
12
What is 1 + -1 - (69 + -66) - (4 + 1)?
-8
What is the value of -2 + 1 + 50 + -1240 + 1221?
30
Evaluate 17 - 6 - (-14 + 15).
10
Evaluate (11 - 4) + -22 + 11 - 1.
-5
What is the value of (10 - (8 + 9) - -18) + -47?
-36
What is 4 - (7 + (7 - 11) + 6)?
-5
(-28 - -40) + (1 - 5)
8
What is the value of 3 + (18 + -4 - (12 - 6))?
11
Calculate -13 + (3 - 1 - (-372 + 328)).
33
What is -4 + -4 + 11 + -4 + -7?
-8
What is the value of -12 - (-12 - -34 - (-6 - -16))?
-24
Calculate -1 - -2 - 8 - (-27 + (7 - 2)).
15
What is the value of -11 - (-11 + -6 + (7 - 4) + 6)?
-3
Evaluate 18 + -17 + (6 - 0).
7
Evaluate -1 + (1 + 0 + 7 - 1).
6
Calculate -15 + (3 - -6) + 0 + 8.
2
What is the value of (-60 - -49) + -1 + -16 + 1 + -7?
-34
What is the value of (20 - (-6 + 17)) + 14?
23
-132 + 142 - (18 + -2 + 4)
-10
What is the value of -39 + 9 + 2 + 7 + -5?
-26
Evaluate -4 - -44 - (42 - 15).
13
What is the value of -33 + (-1 - -7) - (7 - 11)?
-23
5 + 12 - ((1 - -1) + (-1 - -6))
10
Calculate -10 + -1 + -2 + -30 + 42.
-1
Calculate 14 + (-10 - -23 - 28) - (-1 + 6).
-6
Evaluate (8 - 23) + (3 - -2) + 1.
-9
Calculate -6 - (-22 + 15 - -1).
0
What is the value of 1 - (-2 + -1 - (17 - (7 + 2)))?
12
What is the value of 2 + (-17 - (-11 - 0) - 2) + 0?
-6
What is the value of 1 - -17 - (21 - 13)?
10
Evaluate -19 - (-17 - -9) - 1.
-12
Evaluate (2 - 0) + -2 - -18.
18
What is -3 + (11 - (-9 + 23))?
-6
What is the value of 9 - 0 - (-17 - (-47 - -10))?
-11
(-2 - 14) + 17 + -8
-7
Calculate 8 + -10 + (9 - (-6 - -6)).
7
What is -13 + -1 + 0 + 9 + -12 + 2?
-15
What is (1 - -7 - -12) + 1 + -8?
13
Evaluate -143 - -181 - (-2 - -18).
22
Calculate -6 + (5 - 2) - (-6 - -8) - -2.
-3
3 - 1 - (-1 + 11) - (-168 + 159)
1
What is the value of 6 + 1 + 6 + (1 - 1)?
13
Evaluate 12 + (16 - 12) + -20 - (-1 + 5).
-8
Evaluate 1 + 1 + (-24 - -18) + 4 - -8.
8
What is the value of -8 - ((-36 - -47) + -11)?
-8
6 + (19 - 0) + -13
12
What is -23 - (-1 - 16) - (6 - -1)?
-13
Calculate 8 + 0 - 11 - 4 - (4 - 28).
17
What is the value of 6 + -12 + -6 + 5 + -2?
-9
What is the value of -7 - (2 + 1 + (2 - (-4 + 0)))?
-16
-10 - (-20 - (13 + -26))
-3
Calculate 7 + (30 + -39 - (-13 + 0)).
11
(6 - 1) + (10 - 7) + (1 - 4)
5
4 - (-8 + 15 + -18)
15
What is -39 + 59 + (-11 - 17)?
-8
-6 - -11 - (-14 - -9)
10
Calculate 3 - ((-2 + 4 - -8 - 6) + -2).
1
Calculate 24 + -29 + 11 + -21 - (0 + -5).
-10
Evaluate -18 + 17 + 4 + 1 - 14 - 1.
-11
What is 5 + (15 - 8) - (-4 - (-1 - 1))?
14
59 + -92 + (-3 - -5)
-31
Calculate -1027 + 1096 + -37 + -2.
30
What is 19 + (2 - (0 - -1)) + -212 + 207?
15
548 + -509 - (2 - -22)
15
What is (12 + (-6 - 13) - (1 + -7)) + 3?
2
What is the value of 39 + (13 + (3 - 22) - -2)?
35
What is the value of (6 + -51 - -34) + (-1 - -4) + -3?
-11
(14 - -6) + -4 + -10 + -1
5
What is the value of -27 + 42 + 27 + -15?
27
What is the value of 9 + -1 - (-4 + 24 + -2 + 6)?
-16
What is the value of -3 - (44 - 54) - 44?
-37
Calculate -19 + 30 + -8 + -8.
-5
What is the value of -305 - -303 - (-4 + -10 + 1 + -2)?
13
Calculate (-5 - -3) + ((3 - 2) + -14 - -2).
-13
Evaluate 25 + -37 - (2 + 6 - 33).
13
4 - (3 - (20 - 10) - -9)
2
6 - -11 - (-35 + 86)
-34
What is the value of -1 - ((-6 - -6) + 2)?
-3
Calculate -10 - (-2 - 2 - (21 + -10) - -12).
-7
-24 - (-32 + 15) - (23 - -2)
-32
What is the value of -6 + 3 - (4 + -3 + 2)?
-6
Calculate -23 + -1 - -14 - (-20 + 1).
9
What is the value of -22 + -1 + 3 + 20 + (-6 - 0)?
-6
Calculate -9 + (-2 + 1 - ((-48 - -59) + -4)).
-17
Evaluate -32 + 10 + (-2 + 0 - 7) + 9.
-22
What is (7 - 0) + -2 - 17?
-12
Calculate (-138 - -129) + (-3 - -30).
18
What is the value of (0 - -8) + (-20 - -26 - 17)?
-3
7 + (-24 - -4) - -5 - (20 + -13)
-15
What is -5 + 12 + (-18 - 7) + 11?
-7
